 of h.
2, 37
Suppose -4*d + w = -3927, -17*d = -14*d - 2*w - 2949. List the prime factors of d.
3, 109
Suppose 8*t = 3*t. Let u be (-1 - (2 + t))/1. What are the prime factors of (-44)/36*u*3?
11
Let k = -13 - -16. Suppose -12 + 90 = k*a. List the prime factors of a/91 - 24/(-14).
2
Let z = 646 - -2594. List the prime factors of z.
2, 3, 5
Let j(r) = -r**2 + 13*r - 5. Let a(v) = v**3 + 5*v**2 + 6*v + 5. Let p be a(-3). Let c be j(p). Let t = c - 16. List the prime factors of t.
19
Let a = 7635 + -1827. List the prime factors of a.
2, 3, 11
Suppose -20 = -3*g - 8. Suppose -l - g*l + 2*d + 9 = 0, 3*l + 3 = -3*d. What are the prime factors of l*57/(-9)*-3?
19
Let j = 806 + -295. List the prime factors of j.
7, 73
Suppose -6*m + 272 = -664. List the prime factors of m.
2, 3, 13
Let u(g) = 5*g**2 + 2*g - 1. Let t be u(1). Suppose 9*i - 206 = 604. Suppose -t*q = -3*q - i. What are the prime factors of q?
2, 3, 5
Let r = 2108 + -591. What are the prime factors of r?
37, 41
Let a be 49 + (4/(-4) - -2) + -2. What are the prime factors of (-24)/(-6*3/a)?
2
Let z = -64 - -71. Suppose -x + 34 = -z. List the prime factors of x.
41
Let s(r) = -r**2 + 14*r + 1. Let x be s(11). Suppose 3*f - 36 = -u - 6, u = -4*f + x. List the prime factors of u.
2, 3
Let t be (2/4)/((-2)/(-16)). Let f be (t + 4)*9/2. Suppose -4*p = -0*l + 3*l - f, 10 = 2*l - 2*p. List the prime factors of l.
2
Suppose -2*d = 0, -2*d - 18 = 3*n + d. Let w(y) = -10*y + 21. Let a(x) = 11*x - 22. Let k(z) = n*w(z) - 5*a(z). List the prime factors of k(13).
7
Suppose p + 5*l - 31 = -p, 3*p = 4*l - 11. Let u be 5 + 0 + -1 + 1. Suppose 0 = -p*c + 4 + u, -4*a - 4*c + 104 = 0. List the prime factors of a.
23
Let d(v) = v**3 - 7*v**2 + 39*v - 135. What are the prime factors of d(18)?
3, 17
Let q(b) = 3*b - 26. Let u be q(12). Let r be -1 - (-5)/((-1)/(-1)). Suppose -r*t = -6*t + u. List the prime factors of t.
5
Suppose 4*v - 7 = 5*h, v + 3*h = -1 + 24. Suppose 3*z + 2 - v = 0. Suppose 92 = 2*o - z*p, -3*o + 103 + 25 = 2*p. What are the prime factors of o?
2, 11
Let g = -7 + 18. Let h = -7 + g. Suppose h*d + 48 - 160 = 0. List the prime factors of d.
2, 7
Suppose -155 = -5*n + 255. Let z(g) = -58*g**2. Let u be z(-1). Let s = u + n. List the prime factors of s.
2, 3
Let s(l) = -91*l - 185. List the prime factors of s(-5).
2, 3, 5
Let k(m) = -9*m - 10. Let n be k(-4). Let l = 12 - n. Let t = 36 + l. List the prime factors of t.
2, 11
Suppose 22*r - 250 = 8330. List the prime factors of r.
2, 3, 5, 13
Let c be (130/195)/(0 + 2/(-504)). What are the prime factors of -1*2/(-7) + (-21624)/c?
3, 43
What are the prime factors of (-6 - -9)/(16/12 + -1)?
3
Let k = 13753 - 7975. List the prime factors of k.
2, 3, 107
Let a be 1/(2/(12 + -2)). Suppose -5*h = -2*b - 4, 4*h = -2*b + a + 9. List the prime factors of 1/((-2)/(-72)*h).
2, 3
Let w = 3422 - -1313. List the prime factors of w.
5, 947
Let j(o) = 9*o - 28. Let g be j(13). Suppose r - g = -11. List the prime factors of r.
2, 3, 13
Let n = 17 + -24. Let z = 23 + n. Suppose 3*u - 14 = z. List the prime factors of u.
2, 5
Suppose -3*i - 2*j + 530 = 3*j, -3*i + 550 = -5*j. Suppose i = -2*o + 7*o. List the prime factors of o + -2 + 3 - 0.
37
Suppose l - z - z - 4368 = 0, z = l - 4368. List the prime factors of l.
2, 3, 7, 13
Let g(m) = m**2 - 16*m - 4. What are the prime factors of g(-22)?
2, 13
Let k be -1 + 3 + (-4)/(-2 + 0). Let c = 29 + -21. Suppose -4*q - c = k*z, -2 - 6 = -z + q. What are the prime factors of z?
3
Let l be (-2)/(-9) - (-272)/72. Suppose l*y + 4*f - 8 = 3*y, 0 = -y + f + 3. Suppose -47 = -y*g + 13. List the prime factors of g.
3, 5
Let m(f) = -19*f - 45. Let z be m(-13). Let x = -111 + z. What are the prime factors of x?
7, 13
Suppose -23*v = -21*v - 138. List the prime factors of v.
3, 23
Let j(f) be the second derivative of 1/12*f**4 + 1/10*f**5 + 0 - 2*f - 3/2*f**2 + 1/3*f**3. List the prime factors of j(2).
3, 7
What are the prime factors of ((-6)/4)/(6/(-1256))?
2, 157
Suppose b - 1 = -g - 0, -5*g + 21 = -3*b. Let h(k) = -4 + 0*k - g*k + 1. List the prime factors of h(-7).
2, 3
Let r be (128/8)/((-2)/(-39)). Suppose 3*v - 2*v - 66 = -k, 5*v - r = 4*k. Suppose -32 = -2*h + 2*w, 2*w - v = -4*h - w. List the prime factors of h.
2
Suppose -33341 = -5*m - 11691. List the prime factors of m.
2, 5, 433
Let p = -585 + 1285. List the prime factors of p.
2, 5, 7
Let z = -169 + 407. List the prime factors of z.
2, 7, 17
Let c(o) = -2*o**3 - 31 + 27*o**2 + o**3 - 2*o + 2*o**3. List the prime factors of c(-27).
23
Suppose -54 = -3*f - 48. Suppose 0 = -4*m + 3*m + k + 83, -m + f*k = -88. List the prime factors of m.
2, 3, 13
Let k be (-54)/(-7) + (-14)/(-49). Suppose -7*j = -k*j + 97. List the prime factors of j.
97
Let w = -1090 + 1865. List the prime factors of w.
5, 31
Let t(q) = -498*q - 41. What are the prime factors of t(-1)?
457
Let x(u) = -u**3 + 2*u**2 + 4*u + 1. Suppose p - 3 = v + 1, 3*v = -4*p + 16. Let l be x(p). List the prime factors of (-2)/6 + (-335)/l.
2, 11
Let t(b) = -23*b + 4. Let a be t(-2). Let g = 81 - a. What are the prime factors of g?
31
Let c(g) = g - 3*g**2 + 3*g**2 + 3*g**2 + 0*g**2 + 1. Let m be c(-3). Suppose -5*o - m = -100. What are the prime factors of o?
3, 5
Suppose 0 = -3*d + 2*k + 998 - 359, 2*k - 6 = 0. List the prime factors of d.
5, 43
Let z(q) = q**3 + 4*q**2 - 6*q + 4. Let w(o) = -2*o**2 - 2*o - 1. Suppose -2*m - 12 = 2*m - c, -2*m + 3*c = 16. Let x be w(m). List the prime factors of z(x).
3
Suppose 0 = -s - 2, 5*s - 7*s = -3*d + 478. What are the prime factors of d?
2, 79
Let o(w) = 5*w - 3. Let g be o(2). Suppose 2*d = 5*d. Suppose -5*u + 4*u + g = d. List the prime factors of u.
7
Let b = -786 + 1403. List the prime factors of b.
617
Let h(p) = -38*p**2 + p - 1. Let j be h(2). Let x = j - -275. What are the prime factors of x?
2, 31
Suppose 0 = 5*i + 829 - 2404. What are the prime factors of i?
3, 5, 7
List the prime factors of (-8)/(-28) - (95781/(-49) + 7).
2, 487
Let i = 328 - -632. List the prime factors of i.
2, 3, 5
Let i(l) = 1 + 0 + 4 + 8 + 6*l. List the prime factors of i(5).
43
Let i be (-105)/3 + (3 - 2). Let k = 67 + i. What are the prime factors of k?
3, 11
Let c = 43 - 21. Suppose -5*j = -c - 13. Let l(d) = -d**3 + 8*d**2 - 4*d + 4. What are the prime factors of l(j)?
5
Let f = -66 + 71. Suppose -3*t = -4*x - 83 - 255, -f*x = -t + 120. What are the prime factors of t?
2, 5, 11
Let b = -585 - -1207. List the prime factors of b.
2, 311
Let l = 30 - 36. What are the prime factors of 18258/68*-1*4/l?
179
Suppose b - 6*b = -3*k + 5048, -3*k + 5056 = -b. What are the prime factors of k?
2, 3, 281
Let m = 3 - -2. Suppose 2*l - 3*l + 5*f + 180 = 0, 5 = -m*f. Suppose -5*g + 3*i = -2*i - l, -104 = -4*g - 5*i. List the prime factors of g.
31
Let p be (-50)/5*2/(-4). Suppose 0*c = -p*c + 270. List the prime factors of c.
2, 3
Suppose 4*p - 2*d - 6 = -4*d, 4*p - 1 = 3*d. Let u(o) = 29*o**3 - o**2 + 1. What are the prime factors of u(p)?
29
Suppose 3*s + 7 = 1, 144 = -5*h + 3*s. Let d = 17 - h. List the prime factors of d.
47
Let x(z) = 3*z + 3. Let o be x(-7). Let p = 58 - 58. Let g = p - o. List the prime factors of g.
2, 3
Let p(t) = -t**3 + 7*t**2 + 9*t + 5. Let o be p(8). Let a(h) = -5*h**2 - 9*h**2 - 6*h + o*h**2. What are the prime factors of a(-5)?
5
Let j(g) = 3*g - 5. Let s(i) = 32*i - 2. Let h be s(1). Suppose -2*v + h - 12 = 0. List the prime factors of j(v).
2, 11
Let n(p) = -3*p - 12. Let v be n(-5). Suppose -u + 2*h = u - 122, -4*u = v*h - 251. What are the prime factors of u?
2, 31
Let u(y) = -11*y - 72. List the prime factors of u(-23).
181
Suppose 0 = i - 1332 + 417. Suppose 8*u - 2819 = -i. List the prime factors of u.
2, 7, 17
Let w = 5958 - 3454. List the prime factors of w.
2, 313
Let w be (-154)/10 - 4/(-10). What are the prime factors of 280/w*(-9)/4?
2, 3, 7
Let a(m) = -m**3 + 6*m - 2*m**3 + 2*m**3 - 22 + 391*m**2 - 403*m**2. What are the prime factors of a(-13)?
3, 23
Let a = 16 + -18. Let y(l) = l**3 - 3*l - 2. Let o be y(a). List the prime factors of (o - -2 - -2) + 20.
2, 5
Let j be 2 - 230/(-2 - 3). Let i = j - 75. What are the prime factors of (-3)/(-2)*(-180)/i?
2, 5
What are the prime factors of (654/(-4) - 0)*(-120)/90?
2, 109
Let q(d) = -d**2 - 11*d + 17. Let y b